{"id":3311,"date":"2020-10-28T08:04:12","date_gmt":"2020-10-28T07:04:12","guid":{"rendered":"https:\/\/hotelcereda.ch\/?page_id=3311"},"modified":"2025-12-12T14:36:27","modified_gmt":"2025-12-12T13:36:27","slug":"chambres-2","status":"publish","type":"page","link":"https:\/\/www.hotelcereda.ch\/?page_id=3311&lang=fr","title":{"rendered":"Chambres"},"content":{"rendered":"<p>[vc_row full_width=&#8221;stretch_row&#8221; css=&#8221;.vc_custom_1605827427770{background-image: url(https:\/\/www.hotelcereda.ch\/wp-content\/uploads\/2020\/11\/testata_camere_tris.jpg?id=5838) !important;background-position: center !important;background-repeat: no-repeat !important;background-size: cover !important;}&#8221; el_id=&#8221;nd_options_search_page_header_img&#8221;][vc_column]<div style=\"background-color:;height: 125px\" class=\"nicdark_section  \"><\/div>\n\t<div id=\"nd_booking_vc_steps\" class=\"nd_booking_section nd_booking_text_align_center  \">\n\t\t\n\t\t<div class=\"nd_booking_section\">\n\t\t\t<h1 class=\"nd_options_color_white nd_booking_font_size_55 nd_booking_font_size_40_all_iphone nd_options_first_font\"><\/h1>\n\t\t<\/div>\n\t<\/div>\n<div style=\"background-color:;height: 125px\" class=\"nicdark_section  \"><\/div>[\/vc_column][\/vc_row][vc_row full_width=&#8221;stretch_row&#8221; css=&#8221;.vc_custom_1499872003121{background-color: #1c1c1c !important;}&#8221; el_class=&#8221;nd_booking_overflow_visible_important&#8221;][vc_column css=&#8221;.vc_custom_1591742610466{padding-right: 0px !important;padding-left: 0px !important;}&#8221; offset=&#8221;vc_hidden-lg vc_hidden-md vc_hidden-sm vc_hidden-xs&#8221;][\/vc_column][\/vc_row][vc_row][vc_column][vc_empty_space height=&#8221;40px&#8221;]\n\t<div class=\"nd_options_section nd_options_text_align_center\">\n\t<a style=\"border: 2px solid #c19b76;border-radius:px;letter-spacing:2px;line-height:30px;font-size:30px;background-color:#ffffff;padding:5px;margin:5px;color:#000000\" rel=\"\" href=\"https:\/\/tbooking.toubiz.de\/TDS00020014517024112\/tbooking\/?globalReset=1&amp;lang=fr\" class=\"nicdark_display_inline_block  nd_options_font_weight_normal nd_options_second_font  \">RESERVE MAINTENANT<\/a>\n\t<\/div>\n[vc_empty_space height=&#8221;80px&#8221;][vc_column_text]<\/p>\n<p style=\"text-align: center;\">17 chambres bien meub\u00e9es et r\u00e9cemment r\u00e9nov\u00e9es sont equip\u00e9es de: climatisation, salles de bain priv\u00e9es avec set de courtoise et s\u00e9che -cheveux, t\u00e9l\u00e9vision LCD, internet Wi-Fi gratuit, bureau et coffre-fort.<\/p>\n<p>[\/vc_column_text][vc_empty_space height=&#8221;10px&#8221;][vc_column_text]<\/p>\n<p style=\"text-align: center;\">Arriv\u00e9es de 14h00 \u00e0 21h00 heures<br \/>\nD\u00e9parts de 07h00 \u00e0 11h00 heures<\/p>\n<p>[\/vc_column_text][\/vc_column][\/vc_row][vc_row][vc_column width=&#8221;1\/3&#8243;][vc_single_image image=&#8221;3459&#8243; img_size=&#8221;full&#8221; onclick=&#8221;custom_link&#8221; link=&#8221;https:\/\/www.hotelcereda.ch\/?nd_booking_cpt_1=chambre-individuelle&amp;lang=fr&#8221;][\/vc_column][vc_column width=&#8221;1\/3&#8243;][vc_single_image image=&#8221;5846&#8243; img_size=&#8221;full&#8221; onclick=&#8221;custom_link&#8221; link=&#8221;https:\/\/www.hotelcereda.ch\/?nd_booking_cpt_1=chambre-double&amp;lang=fr&#8221;][\/vc_column][vc_column width=&#8221;1\/3&#8243;][vc_single_image image=&#8221;8040&#8243; img_size=&#8221;full&#8221;][\/vc_column][\/vc_row]<\/p>\n","protected":false},"excerpt":{"rendered":"<p>[vc_row full_width=&#8221;stretch_row&#8221; css=&#8221;.vc_custom_1605827427770{background-image: url(https:\/\/www.hotelcereda.ch\/wp-content\/uploads\/2020\/11\/testata_camere_tris.jpg?id=5838) !important;background-position: center !important;background-repeat: no-repeat !important;background-size: cover !important;}&#8221; el_id=&#8221;nd_options_search_page_header_img&#8221;][vc_column][\/vc_column][\/vc_row][vc_row full_width=&#8221;stretch_row&#8221; css=&#8221;.vc_custom_1499872003121{background-color: #1c1c1c !important;}&#8221; el_class=&#8221;nd_booking_overflow_visible_important&#8221;][vc_column css=&#8221;.vc_custom_1591742610466{padding-right: 0px !important;padding-left: 0px !important;}&#8221; offset=&#8221;vc_hidden-lg vc_hidden-md vc_hidden-sm vc_hidden-xs&#8221;][\/vc_column][\/vc_row][vc_row][vc_column][vc_empty_space height=&#8221;40px&#8221;][vc_empty_space height=&#8221;80px&#8221;][vc_column_text] 17 chambres bien meub\u00e9es et r\u00e9cemment r\u00e9nov\u00e9es sont equip\u00e9es de: climatisation, salles de bain priv\u00e9es avec set de courtoise et s\u00e9che -cheveux, t\u00e9l\u00e9vision LCD, internet Wi-Fi gratuit, [&hellip;]<\/p>\n","protected":false},"author":1,"featured_media":0,"parent":0,"menu_order":0,"comment_status":"closed","ping_status":"closed","template":"","meta":{"footnotes":""},"class_list":["post-3311","page","type-page","status-publish","hentry"],"yoast_head":"<!-- This site is optimized with the Yoast SEO plugin v26.9 - https:\/\/yoast.com\/product\/yoast-seo-wordpress\/ -->\n<title>Chambres - Hotel Cereda<\/title>\n<meta name=\"description\" content=\"R\u00e9servez votre chambre \u00e0 l&#039;hotel Cereda \u00e0 Sementina avec des lits confortables et une atmosph\u00e8re relaxante. En savoir plus !\" \/>\n<meta name=\"robots\" content=\"index, follow, max-snippet:-1, max-image-preview:large, max-video-preview:-1\" \/>\n<link rel=\"canonical\" href=\"https:\/\/www.hotelcereda.ch\/?page_id=3311\" \/>\n<meta property=\"og:locale\" content=\"it_IT\" \/>\n<meta property=\"og:type\" content=\"article\" \/>\n<meta property=\"og:title\" content=\"Chambres - Hotel Cereda\" \/>\n<meta property=\"og:description\" content=\"R\u00e9servez votre chambre \u00e0 l&#039;hotel Cereda \u00e0 Sementina avec des lits confortables et une atmosph\u00e8re relaxante. En savoir plus !\" \/>\n<meta property=\"og:url\" content=\"https:\/\/www.hotelcereda.ch\/?page_id=3311&amp;lang=fr\" \/>\n<meta property=\"og:site_name\" content=\"Hotel Cereda\" \/>\n<meta property=\"article:modified_time\" content=\"2025-12-12T13:36:27+00:00\" \/>\n<meta name=\"twitter:card\" content=\"summary_large_image\" \/>\n<meta name=\"twitter:label1\" content=\"Tempo di lettura stimato\" \/>\n\t<meta name=\"twitter:data1\" content=\"1 minuto\" \/>\n<script type=\"application\/ld+json\" class=\"yoast-schema-graph\">{\"@context\":\"https:\/\/schema.org\",\"@graph\":[{\"@type\":\"WebPage\",\"@id\":\"https:\/\/www.hotelcereda.ch\/?page_id=3311&lang=fr\",\"url\":\"https:\/\/www.hotelcereda.ch\/?page_id=3311&lang=fr\",\"name\":\"Chambres - Hotel Cereda\",\"isPartOf\":{\"@id\":\"https:\/\/www.hotelcereda.ch\/#website\"},\"datePublished\":\"2020-10-28T07:04:12+00:00\",\"dateModified\":\"2025-12-12T13:36:27+00:00\",\"description\":\"R\u00e9servez votre chambre \u00e0 l'hotel Cereda \u00e0 Sementina avec des lits confortables et une atmosph\u00e8re relaxante. En savoir plus !\",\"breadcrumb\":{\"@id\":\"https:\/\/www.hotelcereda.ch\/?page_id=3311&lang=fr#breadcrumb\"},\"inLanguage\":\"it-IT\",\"potentialAction\":[{\"@type\":\"ReadAction\",\"target\":[\"https:\/\/www.hotelcereda.ch\/?page_id=3311&lang=fr\"]}]},{\"@type\":\"BreadcrumbList\",\"@id\":\"https:\/\/www.hotelcereda.ch\/?page_id=3311&lang=fr#breadcrumb\",\"itemListElement\":[{\"@type\":\"ListItem\",\"position\":1,\"name\":\"Home\",\"item\":\"https:\/\/www.hotelcereda.ch\/\"},{\"@type\":\"ListItem\",\"position\":2,\"name\":\"Chambres\"}]},{\"@type\":\"WebSite\",\"@id\":\"https:\/\/www.hotelcereda.ch\/#website\",\"url\":\"https:\/\/www.hotelcereda.ch\/\",\"name\":\"Hotel Cereda\",\"description\":\"Hotel Cereda Sementina Prenota Ora\",\"publisher\":{\"@id\":\"https:\/\/www.hotelcereda.ch\/#organization\"},\"potentialAction\":[{\"@type\":\"SearchAction\",\"target\":{\"@type\":\"EntryPoint\",\"urlTemplate\":\"https:\/\/www.hotelcereda.ch\/?s={search_term_string}\"},\"query-input\":{\"@type\":\"PropertyValueSpecification\",\"valueRequired\":true,\"valueName\":\"search_term_string\"}}],\"inLanguage\":\"it-IT\"},{\"@type\":\"Organization\",\"@id\":\"https:\/\/www.hotelcereda.ch\/#organization\",\"name\":\"Hotel Cereda\",\"url\":\"https:\/\/www.hotelcereda.ch\/\",\"logo\":{\"@type\":\"ImageObject\",\"inLanguage\":\"it-IT\",\"@id\":\"https:\/\/www.hotelcereda.ch\/#\/schema\/logo\/image\/\",\"url\":\"https:\/\/www.hotelcereda.ch\/wp-content\/uploads\/2020\/04\/logo_cereda.gif\",\"contentUrl\":\"https:\/\/www.hotelcereda.ch\/wp-content\/uploads\/2020\/04\/logo_cereda.gif\",\"width\":300,\"height\":124,\"caption\":\"Hotel Cereda\"},\"image\":{\"@id\":\"https:\/\/www.hotelcereda.ch\/#\/schema\/logo\/image\/\"}}]}<\/script>\n<!-- \/ Yoast SEO plugin. -->","yoast_head_json":{"title":"Chambres - Hotel Cereda","description":"R\u00e9servez votre chambre \u00e0 l'hotel Cereda \u00e0 Sementina avec des lits confortables et une atmosph\u00e8re relaxante. En savoir plus !","robots":{"index":"index","follow":"follow","max-snippet":"max-snippet:-1","max-image-preview":"max-image-preview:large","max-video-preview":"max-video-preview:-1"},"canonical":"https:\/\/www.hotelcereda.ch\/?page_id=3311","og_locale":"it_IT","og_type":"article","og_title":"Chambres - Hotel Cereda","og_description":"R\u00e9servez votre chambre \u00e0 l'hotel Cereda \u00e0 Sementina avec des lits confortables et une atmosph\u00e8re relaxante. En savoir plus !","og_url":"https:\/\/www.hotelcereda.ch\/?page_id=3311&lang=fr","og_site_name":"Hotel Cereda","article_modified_time":"2025-12-12T13:36:27+00:00","twitter_card":"summary_large_image","twitter_misc":{"Tempo di lettura stimato":"1 minuto"},"schema":{"@context":"https:\/\/schema.org","@graph":[{"@type":"WebPage","@id":"https:\/\/www.hotelcereda.ch\/?page_id=3311&lang=fr","url":"https:\/\/www.hotelcereda.ch\/?page_id=3311&lang=fr","name":"Chambres - Hotel Cereda","isPartOf":{"@id":"https:\/\/www.hotelcereda.ch\/#website"},"datePublished":"2020-10-28T07:04:12+00:00","dateModified":"2025-12-12T13:36:27+00:00","description":"R\u00e9servez votre chambre \u00e0 l'hotel Cereda \u00e0 Sementina avec des lits confortables et une atmosph\u00e8re relaxante. En savoir plus !","breadcrumb":{"@id":"https:\/\/www.hotelcereda.ch\/?page_id=3311&lang=fr#breadcrumb"},"inLanguage":"it-IT","potentialAction":[{"@type":"ReadAction","target":["https:\/\/www.hotelcereda.ch\/?page_id=3311&lang=fr"]}]},{"@type":"BreadcrumbList","@id":"https:\/\/www.hotelcereda.ch\/?page_id=3311&lang=fr#breadcrumb","itemListElement":[{"@type":"ListItem","position":1,"name":"Home","item":"https:\/\/www.hotelcereda.ch\/"},{"@type":"ListItem","position":2,"name":"Chambres"}]},{"@type":"WebSite","@id":"https:\/\/www.hotelcereda.ch\/#website","url":"https:\/\/www.hotelcereda.ch\/","name":"Hotel Cereda","description":"Hotel Cereda Sementina Prenota Ora","publisher":{"@id":"https:\/\/www.hotelcereda.ch\/#organization"},"potentialAction":[{"@type":"SearchAction","target":{"@type":"EntryPoint","urlTemplate":"https:\/\/www.hotelcereda.ch\/?s={search_term_string}"},"query-input":{"@type":"PropertyValueSpecification","valueRequired":true,"valueName":"search_term_string"}}],"inLanguage":"it-IT"},{"@type":"Organization","@id":"https:\/\/www.hotelcereda.ch\/#organization","name":"Hotel Cereda","url":"https:\/\/www.hotelcereda.ch\/","logo":{"@type":"ImageObject","inLanguage":"it-IT","@id":"https:\/\/www.hotelcereda.ch\/#\/schema\/logo\/image\/","url":"https:\/\/www.hotelcereda.ch\/wp-content\/uploads\/2020\/04\/logo_cereda.gif","contentUrl":"https:\/\/www.hotelcereda.ch\/wp-content\/uploads\/2020\/04\/logo_cereda.gif","width":300,"height":124,"caption":"Hotel Cereda"},"image":{"@id":"https:\/\/www.hotelcereda.ch\/#\/schema\/logo\/image\/"}}]}},"_links":{"self":[{"href":"https:\/\/www.hotelcereda.ch\/index.php?rest_route=\/wp\/v2\/pages\/3311","targetHints":{"allow":["GET"]}}],"collection":[{"href":"https:\/\/www.hotelcereda.ch\/index.php?rest_route=\/wp\/v2\/pages"}],"about":[{"href":"https:\/\/www.hotelcereda.ch\/index.php?rest_route=\/wp\/v2\/types\/page"}],"author":[{"embeddable":true,"href":"https:\/\/www.hotelcereda.ch\/index.php?rest_route=\/wp\/v2\/users\/1"}],"replies":[{"embeddable":true,"href":"https:\/\/www.hotelcereda.ch\/index.php?rest_route=%2Fwp%2Fv2%2Fcomments&post=3311"}],"version-history":[{"count":13,"href":"https:\/\/www.hotelcereda.ch\/index.php?rest_route=\/wp\/v2\/pages\/3311\/revisions"}],"predecessor-version":[{"id":9428,"href":"https:\/\/www.hotelcereda.ch\/index.php?rest_route=\/wp\/v2\/pages\/3311\/revisions\/9428"}],"wp:attachment":[{"href":"https:\/\/www.hotelcereda.ch\/index.php?rest_route=%2Fwp%2Fv2%2Fmedia&parent=3311"}],"curies":[{"name":"wp","href":"https:\/\/api.w.org\/{rel}","templated":true}]}}